mine y(3).
6
Let y(g) = 31*g + 19. Determine y(-1).
-12
Let v(r) = -r**3 - 6*r - 4. Calculate v(0).
-4
Let t(n) = 4*n - 15. Calculate t(14).
41
Let q(h) = 7*h**2 + h - 39. Give q(0).
-39
Let m(u) = u - 7. Determine m(4).
-3
Let t(u) = -u**2 + 3*u + 4. What is t(-6)?
-50
Let i(x) = -x**2 + 3*x. Give i(8).
-40
Let u(j) = j + 7. What is u(3)?
10
Let b(v) = 2*v + 3. Determine b(0).
3
Let n(u) = -u**3 - 5*u**2 - 8*u - 13. Determine n(-2).
-9
Let s(y) = 2*y**2 - 15*y + 5. Give s(6).
-13
Let o(p) = -p**2 - p - 5. Determine o(-4).
-17
Let r(q) = -4*q - 28. Give r(-7).
0
Let h(p) = -p**3 - 4*p**2 - p + 2. Give h(-3).
-4
Let n(d) = -11*d + 42. What is n(4)?
-2
Let y(n) = -n**3 + 22*n**2 + 27*n - 87. Give y(23).
5
Let i(p) = p**3 - 3*p**2 + 2*p - 1. Calculate i(1).
-1
Let k(r) = -r - 48. Give k(-14).
-34
Let x(l) = -l**3 - 2*l**2 + 5*l + 13. Calculate x(-3).
7
Let p(x) = x**3 - 17*x**2 + 2*x - 6. Determine p(17).
28
Let d(x) = 2*x + 39. Give d(6).
51
Let c(a) = -a**2 - 14*a + 15. What is c(-15)?
0
Let d(l) = -l**3 - 16*l**2 + 22*l - 7. Determine d(-17).
-92
Let c(b) = b + 6. What is c(0)?
6
Let x(t) = 5*t**2 - t + 11. Calculate x(0).
11
Let r(h) = -2*h**3 + 5*h**2 - 2*h + 1. Give r(2).
1
Let o(q) = q**3 - 6*q**2 - 3*q + 3. What is o(7)?
31
Let z(q) = -12*q + 159. Determine z(14).
-9
Let d(t) = t**3 - 6*t**2 - 9*t + 4. Calculate d(7).
-10
Let h(a) = -3*a**3 + 3*a**2 - a + 3. Determine h(-3).
114
Let j(o) = o**2 - 11*o - 1. What is j(7)?
-29
Let k(c) = c - 24. Determine k(11).
-13
Let a(h) = -2*h - 4. What is a(-8)?
12
Let a(q) = q**2 + 4*q - 27. Calculate a(-8).
5
Let d(x) = 7*x**2 + 35*x + 7. Calculate d(-5).
7
Let g(a) = 5*a + 10. Give g(7).
45
Let i(s) = s**3 + 13*s**2 + s - 32. Calculate i(-13).
-45
Let f(i) = i**3 + 4*i**2 - 5*i - 5. Determine f(-5).
-5
Let v(d) = d**3 - 8*d**2 + 15*d - 3. What is v(3)?
-3
Let g(r) = -3*r + 15. Calculate g(6).
-3
Let x(i) = -8*i - 7. What is x(3)?
-31
Let r(m) = -4*m**3 - 1. What is r(1)?
-5
Let y(n) = 8*n - 10. What is y(12)?
86
Let p(f) = f**3 - f - 13. Give p(0).
-13
Let d(u) = 2*u**3 + 38*u**2 - 40*u + 2. Give d(-20).
2
Let q(m) = m**3 + 6*m**2 + m - 4. Determine q(-6).
-10
Let a(q) = q**3 - 10*q**2 + 30*q - 295. What is a(10)?
5
Let i(f) = -f**2 - f - 4. Give i(-3).
-10
Let h(w) = w - 24. Calculate h(39).
15
Let n(c) = 3*c**2 + 36*c - 7. What is n(-12)?
-7
Let g(y) = 7*y - 8. Give g(6).
34
Let a(m) = 99*m - 498. Determine a(5).
-3
Let a(v) = 18*v - 5. What is a(6)?
103
Let v(j) = -5*j - 107. Determine v(-21).
-2
Let c(z) = 12*z - 1. Give c(3).
35
Let f(d) = d**2 - d. Give f(6).
30
Let h(i) = -i**3 + 10*i**2 - 7*i + 23. Determine h(10).
-47
Let b(r) = r - 1. Give b(-11).
-12
Let c(g) = -g**2 + 7*g + 1. What is c(5)?
11
Let d(n) = -n**3 + 3*n**2 - 2*n + 5. Determine d(4).
-19
Let x(j) = j**3 + 2*j + 3. Calculate x(3).
36
Let g(s) = -s**2 - 9*s. Determine g(-9).
0
Let x(f) = f**3 - 3*f**2 - 24*f + 78. Determine x(3).
6
Let p(b) = -2*b**2 - 22*b - 19. What is p(-10)?
1
Let z(c) = -2*c**3 + 9*c**2 + 35*c - 149. What is z(5)?
1
Let r(c) = -c**2 - 3*c + 11. Calculate r(2).
1
Let r(y) = 13*y + 2. Calculate r(-1).
-11
Let j(n) = -n**3 + 2*n**2 + 3*n - 3. Calculate j(2).
3
Let h(d) = d - 37. Determine h(36).
-1
Let i(q) = q**2 - 9*q + 13. Give i(7).
-1
Let z(p) = 4*p**2 + 2*p - 2. Calculate z(2).
18
Let o(s) = -s**3 + 10*s**2 + 11. Determine o(10).
11
Let d(s) = -s**3 + 11*s**2 - 26*s + 3. What is d(8)?
-13
Let b(j) = 3*j**3 - 4*j**2 + 5*j - 2. Determine b(2).
16
Let i(a) = a**2 - 33*a + 10. Determine i(33).
10
Let c(k) = k**2 + 29*k + 74. Determine c(-12).
-130
Let y(p) = 5*p**3 - 2*p**2 + 3*p - 2. What is y(1)?
4
Let y(t) = t**3 - 12*t**2 + 8*t + 22. Determine y(11).
-11
Let h(o) = o**3 + 2*o**2 - 11*o - 18. What is h(-2)?
4
Let i(z) = -z**3 - z**2 + 2*z - 6. Give i(-5).
84
Let m(p) = -3*p**2 - 16*p - 2. Calculate m(-7).
-37
Let p(l) = -l**2 - 6*l + 36. What is p(-10)?
-4
Let r(v) = -16*v + 3. Give r(-2).
35
Let n(o) = o**2 - 2*o - 21. What is n(6)?
3
Let o(t) = -7*t**2 - 9*t + 32. Give o(2).
-14
Let w(r) = -61*r + 4. Determine w(1).
-57
Let t(f) = f**2 + 2*f - 3. What is t(1)?
0
Let b(d) = 4*d**2 - 7*d + 17. Determine b(5).
82
Let s(r) = 5*r**2 - 2*r + 3. Give s(4).
75
Let s(u) = -23*u + 2. Determine s(-2).
48
Let n(z) = 2*z**2 + 2*z - 1. Give n(-3).
11
Let d(g) = -g**3 - 3*g**2 + 7*g + 7. Give d(-5).
22
Let m(i) = -19*i**3 - 2*i - 1. What is m(-1)?
20
Let h(j) = -j**3 + 37*j**2 - 38*j + 70. What is h(36)?
-2
Let n(t) = -2*t**3 + 93*t**2 - 54*t + 368. Give n(46).
0
Let o(s) = 3*s**2 + 19*s - 21. What is o(-7)?
-7
Let l(c) = c**2 + 14*c - 5. Give l(-15).
10
Let f(q) = q**2 + 11*q + 12. Determine f(-10).
2
Let g(z) = -z**2 - 27*z - 2. What is g(-22)?
108
Let w(t) = -t**2 + 9*t - 2. Calculate w(7).
12
Let u(l) = -35*l - 2. Calculate u(2).
-72
Let v(w) = -3*w**2 + 2. Give v(3).
-25
Let h(f) = -f**2 + 21*f - 95. Give h(8).
9
Let k(g) = -12*g**3 - g**2. Give k(-1).
11
Let w(j) = -j**2 + j - 6. Determine w(4).
-18
Let l(n) = n**3 + 5*n**2 + n + 5. What is l(-5)?
0
Let j(a) = -37*a - 25. Give j(-4).
123
Let a(v) = -2*v**2 + 11*v - 1. Calculate a(4).
11
Let g(x) = -6*x - 5. What is g(-2)?
7
Let k(f) = -f**2 + 7*f + 8. Determine k(-4).
-36
Let m(j) = -j**3 - 12*j**2 - 9*j - 4. Determine m(-12).
104
Let n(w) = -w**2 - 23*w - 9. Give n(-18).
81
Let d(q) = q**3 - 5*q**2 + 4*q - 14. Give d(6).
46
Let w(y) = y + 5. Calculate w(-3).
2
Let w(s) = -s**2 + 80. Calculate w(9).
-1
Let u(t) = 2*t + 25. Determine u(-12).
1
Let n(z) = -z**3 - 6*z**2 + 17*z + 4. What is n(-9)?
94
Let p(j) = 12*j - 5. Give p(7).
79
Let q(z) = -4*z + 24. What is q(5)?
4
Let z(c) = -6*c**2 - 7*c - 5. Determine z(-1).
-4
Let p(t) = t**2 - 6*t + 2. Calculate p(7).
9
Let o(b) = 21*b + 140. Give o(-6).
14
Let s(b) = -b**3 - b - 39. Calculate s(0).
-39
Let o(m) = -23*m**3 - m**2 - 3*m - 2. Give o(-1).
23
Let m(q) = -q**3 + 3*q**2 - 3*q - 7. Determine m(0).
-7
Let r(v) = 8*v - 269. Determine r(34).
3
Let l(x) = -5*x - 35. Determine l(-7).
0
Let l(o) = -o**2 + 3*o + 2. Give l(-5).
-38
Let o(m) = -m - 11. What is o(-6)?
-5
Let l(b) = -b**2 + 38*b + 74. Calculate l(39).
35
Let x(c) = 5*c**2. Determine x(2).
20
Let a(u) = 8*u + 6. Determine a(3).
30
Let i(q) = -5*q + 7. Calculate i(2).
-3
Let o(g) = -9*g**3 + 4*g**2 - 5*g + 1. What is o(2)?
-65
Let v(z) = -2*z**3 + 18*z**2 - 2*z + 11. Determine v(9).
-7
Let z(y) = y**3 + y**2 + 2. What is z(0)?
2
Let o(y) = -y**3 - 11*y**2 + 2*y + 7. Determine o(-11).
-15
Let w(p) = p**2 - 6*p + 6. Give w(6).
6
Let n(f) = -f**3 + 9*f**2 - 9*f. What is n(8)?
-8
Let h(t) = -t**2 - 4*t + 23. What is h(-7)?
2
Let s(f) = 2*f**2 - f - 8. Calculate s(4).
20
Let i(c) = c**2 + 2*c - 1. Give i(-6).
23
Let z(x) = x**3 - 11*x**2 + 16*x - 27. What is z(9)?
-45
Let q(n) = -8*n - 28. Give q(-5).
12
Let y(p) = -2*p**2 + 3*p - 7. What is y(3)?
-16
Let n(c) = c**3 - 2*c + 2. Give n(2).
6
Let b(w) = w**3 - 7*w**2 - 11*w + 14. What is b(8)?
-10
Let r(q) = q**2 + 5*q + 3. What is r(-3)?
-3
Let u(p) = 2*p - 33. Calculate u(13).
-7
Let i(f) = f**3 - 15*f**2 + 34*f + 20. What is i(12)?
-4
Let p(l) = 3*l - 12. Calculate p(7).
9
Let f(r) = 7*r**2 + 46*r + 15. Calculate f(-6).
-9
Let c(s) = 11*s - 2. What is c(2)?
20
Let j(l) = -l**2 - 8*l. Calculate j(-7).
7
Let v(c) = 2*c**2 + 84*c + 547. Give v(-34).
3
Let d(b) = 5*b + 67. Determine d(-16).
-13
Let n(t) = -3*t**2 + 33*t + 10. Give n(11).
10
Let n(l) = l**3 + 2*l**2 + 4*l - 1. What is n(2)?
23
Let y(v) = -v**2 - 2*v - 5. What is y(-2)?
-5
Let w(u) = -u**2 + 20*u + 95. Calculate w(24).
-1
Let z(h) = -4*h - 57. What is z(-22)?
31
Let f(n) = n**3 - 7*n**2 + 9*n - 3. What is f(5)?
-8
Let u(q) = q**2 + q + 31. Determine u(0).
31
Let l(j) = 2*j**2 + 17*j + 23. Determine l(-7).
2
Let w(f) = 14*f - 76. Calculate w(9).
50
Let b(m) = m**3 - 6*m**2 + m + 7. Give b(6).
13
Let u(a) = -a**2 - 2*a - 7. What is u(-6)?
-31
Let h(s) = -s**2 + 40*s - 119. Give h(3).
-8
Let t(f) = 2*f**2 - 35*f - 20. Calculate t(18).
-2
Let x(u) = -u**3 + 11*u**2 + 12*u + 9. Give x(12).
9
Let i(c) = -11*c**2 + 32*c + 32. Determine i(-1).
-11
Let d(z) = -z**3 + 4*z**2 + 5*z - 1. Determine d(5).
-1
Let y(c) = -4*c - 15. Give y(-3).
-3
Let g(p) = 45*p**2. What is g(1)?
45
Let c(t) = -5*t**3 - t**2 - 4. Calculate c(2).
-48
Let b(x) = -x**3 - 8*x**2 